9 + -87. What is the greatest common divisor of d and 28?
28
Let w(a) = 9*a + 2. Let p be w(2). Let i be (-3 + 4*-4)/(-1). Suppose -3*q + 5 = -i. Calculate the highest common factor of q and p.
4
Let g = -19 - -24. Suppose -60 = -4*l - 4*d, 0 = -0*l + l - g*d - 9. Calculate the greatest common divisor of l and 70.
14
Let b = -10 + 23. Let r be 66 + 1*-1*1. Calculate the highest common divisor of b and r.
13
Suppose 7*w - 488 = 51. What is the highest common factor of 7 and w?
7
Let o be 1 - (1 - 3 - -1). Suppose m + 3 = -o*m, -5*b + 21 = 4*m. Calculate the highest common divisor of 35 and b.
5
Let v be ((-1)/2)/((-6)/48). Suppose -z = -2*p + v, -p + 5*z + 10 = 4*p. What is the highest common divisor of 4 and p?
2
Let k(y) = y**2 - 3*y - 1. Let w be k(3). Let a = -5 - w. Let r be 0 - a*(-30)/(-4). Calculate the highest common divisor of r and 6.
6
Suppose -473 + 53 = -5*z. Let p = -128 - -218. Suppose -27 = 3*f - p. What is the greatest common divisor of z and f?
21
Suppose -3*n = 4*v, -5*n = -4*v - 14 - 18. Let m be ((-7)/v)/((-3)/(-108)). Let j = 132 - m. What is the highest common factor of 6 and j?
6
Let d be (-2)/9 + 8/36. Suppose -k - 4 = -3*z - z, 5*k - 4*z - 12 = d. Calculate the highest common divisor of 32 and k.
4
Let u be (-6)/((-18)/273) + 6/(-2). Calculate the greatest common divisor of 22 and u.
22
Suppose -2 + 4 = j. Suppose 3*n + 10 = -3*r + 4*r, -j*r + 5*n + 23 = 0. Calculate the highest common factor of r and 38.
19
Suppose -120 = 3*k + 3*q, 2*k + 0*q + 59 = 5*q. Let w = 55 + k. Suppose -5*o = -4*f - 27, 2*f = 5*o - 3 - w. What is the greatest common divisor of o and 12?
3
Let c = -104 - -194. Calculate the highest common factor of 36 and c.
18
Let t(c) be the third derivative of -1/3*c**3 + 0 + 0*c + c**2 + 1/8*c**4. Let b be t(6). What is the highest common divisor of 8 and b?
8
Let j = -5 + 0. Let s(d) = 2*d + 2. Let f be s(j). Let a = 20 + f. Calculate the highest common divisor of a and 8.
4
Let s(c) = c + 11. Let r be s(-10). Let f(d) = 2*d - 7. Let o be f(9). Calculate the highest common divisor of r and o.
1
Suppose -2*t + 32 = -3*f, 0 = -4*t + f + 37 + 17. Suppose -2*c = -t - 1. What is the greatest common divisor of c and 35?
7
Let b(f) = 5*f**2 + 3*f + 2. Let d be b(-2). Suppose 11 = 2*r - 37. What is the highest common factor of d and r?
8
Let t = 55 - 53. What is the greatest common divisor of t and 4?
2
Let n(r) = 0 + 0*r + 4*r + 0 - 6. Let z be n(4). Calculate the greatest common factor of 25 and z.
5
Suppose c = -4, 3*p + 2*p - 4*c - 16 = 0. Suppose p*b = -3*b + 2*x + 18, 4*b - 4*x - 28 = 0. What is the highest common divisor of 2 and b?
2
Suppose 0 = -2*r + 9 - 3. Suppose -2*g + r = g. Calculate the highest common divisor of 4 and g.
1
Suppose -2*t + 3*t = -n + 13, 2*n = 2*t - 38. Calculate the highest common factor of 2 and t.
2
Suppose -z + 2*o + 75 = 2*z, 4*z + 2*o - 86 = 0. Calculate the highest common divisor of z and 69.
23
Let w = 58 + -46. What is the highest common divisor of 12 and w?
12
Suppose 2*o - 5*o - 2*t = -1, -20 = -4*t. Let u(w) = -36*w - 4. Let r be u(o). Calculate the greatest common divisor of r and 13.
13
Let j be (-623)/(-35) - (-1)/5. Calculate the greatest common factor of 144 and j.
18
Suppose -2 = x - 0. Let y be 2 + -3 + (-4)/x. Calculate the highest common factor of y and 6.
1
Let k be (1 - -39)/((-18)/(-45)). What is the highest common divisor of 20 and k?
20
Let u = 7 + -3. What is the greatest common factor of u and 10?
2
Let b(k) = -k - 1. Let w be b(-2). What is the highest common factor of w and 11?
1
Let u(c) = 4*c + 9. Let b be u(4). Calculate the highest common factor of b and 100.
25
Suppose 0 = 2*w + w. Let g = w + 15. Calculate the highest common divisor of g and 45.
15
Suppose 0 = -3*x - 0*x. Suppose 15 = 5*h - x. Suppose -9*r + 4*r = -60. Calculate the highest common factor of r and h.
3
Let p = 10 + -6. Let d(k) = 7 - p + 7 - k. Let q be d(0). Calculate the greatest common divisor of 10 and q.
10
Suppose 0*c = -5*c - 3*w + 720, c - 5*w = 116. Suppose -96 - c = -a. Let o be 3/6 + a/6. Calculate the highest common divisor of 16 and o.
8
Let a be (-3)/((-1)/(-2) - (-290)/(-560)). What is the highest common factor of a and 24?
24
Let s(d) = d**3 + 24*d**2 - d - 11. Let y be s(-24). Suppose -3*a = -5*a + 104. What is the greatest common factor of y and a?
13
Let d = -4 + 16. Suppose -4*b - 2*i = -932, 3*i = 5*b - 0*i - 1143. Suppose 3*g = -2*n + b, 2*n - 256 + 60 = 4*g. What is the highest common divisor of d and n?
12
Let c(y) = 4*y + 2. Let g be c(4). Suppose 2*r - g = -r. Suppose m + 3 = r. What is the greatest common divisor of m and 3?
3
Let u(t) = 2*t**2 + t - 4. Let d be 1/3 + 10/(-3). Let c be u(d). Let i be 0 + 9/(36/88). Calculate the highest common factor of i and c.
11
Let l be 44/2 + 5 + -8. Calculate the greatest common factor of l and 209.
19
Let k(u) = -10*u + 1. Let q be k(-2). Let l be (5/15)/(1/12). Suppose 0 = -0*v + l*v - 12. Calculate the greatest common factor of v and q.
3
Let t(y) = 4*y - 16. Let c be t(14). Calculate the highest common factor of c and 10.
10
Let t(n) = n**3 - 3*n**2 + 5*n - 6. Let z be t(3). What is the highest common divisor of z and 216?
9
Suppose 3*j + 1 = 16. Let k(w) be the first derivative of -w**4/4 - 5*w**3/3 - w**2/2 + 3*w + 1. Let y be k(-6). Calculate the highest common factor of y and j.
5
Let p be 2/6 + (-30)/(-18). Suppose -p*s + 3*s = 12. What is the greatest common divisor of 108 and s?
12
Let t be (-3)/1*(-2 - -1). Suppose 3*x = -t*u + 273, 0*x - 4*x = u - 355. What is the highest common factor of 11 and x?
11
Let p(w) = w**3 - 7*w**2 - 13*w - 3. Let v be p(9). Calculate the greatest common divisor of 6 and v.
6
Let w(l) = -l**2 + 14*l - 10. Let p be w(9). Let h be 10/p + 122/14. Let z = 76 + -13. Calculate the highest common factor of h and z.
9
Suppose -n - 3*c - 37 + 109 = 0, -184 = -3*n - c. Calculate the greatest common factor of n and 24.
12
Suppose -5*n = -25 - 35. Let i = 185 + -89. Calculate the highest common factor of n and i.
12
Suppose -5*w = -5*x + 3*x + 2, 2*w + 2 = x. Let v(a) = -4*a**2 - a + 0*a + 5*a**2. Let i be v(x). What is the greatest common factor of 15 and i?
15
Suppose 4*h + 64 = -3*a + 2*h, 4*a - 5*h + 93 = 0. Suppose -q + 2*q + 40 = 0. Let t = a - q. What is the highest common factor of t and 12?
6
Let t be 1/(-1 + (-204)/(-206)). Let q = -480 + 190. Let y = t - q. What is the greatest common factor of y and 17?
17
Suppose 2*z - 1 - 9 = 0. Let d = -45 - -65. Suppose 3*p = p + d. What is the greatest common factor of z and p?
5
Suppose -3*i + 21 = j - 0*i, 0 = 4*j - 2*i - 98. Calculate the highest common divisor of j and 6.
6
Suppose -6*p + 24 = -4*p. What is the highest common factor of 60 and p?
12
Suppose 3*i + 2*i - 15 = 0. Suppose i*k - 12 = 0, -5*h - k + 19 = -2*h. Calculate the greatest common divisor of h and 15.
5
Let v(o) = -o**2 - 11*o - 8. Let y be v(-9). Let n be ((-12)/y + 2)*20. Calculate the greatest common factor of n and 16.
16
Let k = 11 - 19. Let h = k - -11. Suppose b + 329 = 5*i, 2*i = -h*b + 60 + 58. What is the highest common divisor of i and 26?
13
Let i(x) = -47*x - 16. Let o(v) = 16*v + 5. Let s(m) = -2*i(m) - 7*o(m). Let c be s(-1). Calculate the greatest common divisor of 15 and c.
15
Let n(p) = p**2 - 5 - 7*p - 4*p**2 + 2*p**2. Suppose -4*s = -4*h - 65 + 21, 10 = -5*h - 4*s. Let c be n(h). What is the greatest common factor of c and 5?
1
Suppose 4*f + 43 = 5*w - 39, -2*w + 4*f = -28. What is the greatest common factor of w and 9?
9
Let y = 16 + -1. What is the highest common factor of y and 5?
5
Let u(j) = j**2 - j + 2. Let f be u(7). What is the greatest common factor of f and 4?
4
Let t(q) = -27*q. Let z be t(-2). What is the highest common divisor of 135 and z?
27
Let l = -449 + 674. Let t be (6/2)/((-3)/l). Let z be -2*(t/6)/5. What is the highest common factor of 30 and z?
15
Let c(r) = -r**3 + 8*r**2 - 5*r - 6. Suppose -6 = 2*h, 5*h - 10 = -3*j - 4. Let p be c(j). What is the highest common factor of p and 64?
8
Suppose -3 = 3*x - 12. Suppose -4*b - s + x*s = -28, 5*b - 35 = -2*s. Let r = -49 + 126. What is the greatest common divisor of b and r?
7
Let k = 49 - 46. What is the greatest common factor of k and 3?
3
Suppose -16 = -5*y + y. Let x b